Let b = -9 - g. Suppose -3*f + f = -2*z - 112, -4*f + 194 = b*z. Calculate the remainder when f is divided by 13.
12
Suppose 7*z - 130 = -3*z. Suppose 4*f - 49 = 51. Calculate the remainder when f is divided by z.
12
Let f(o) = -5*o**3 - 6*o**2 + 6*o**2. What is the remainder when 22 is divided by f(-1)?
2
Let c(y) = -y + 4. Let d be c(0). What is the remainder when -2 + d + (-3 - -9) is divided by 5?
3
Let r(c) = 13*c - 46. Calculate the remainder when 74 is divided by r(5).
17
Let l = 6 - -3. Calculate the remainder when 12 is divided by l.
3
Let y(f) = 4*f - 2*f - f - 3. Suppose 19 = -b + 5*g, 2*b + 4*g = -0*b + 32. Calculate the remainder when b is divided by y(7).
2
Let q be (10 + 2)/(6/4). Suppose 4*x - 8 = q. Let l = -2 - -13. Calculate the remainder when l is divided by x.
3
Suppose 3*f + 23 = 8. Let z = f + 30. What is the remainder when z is divided by 0/1 - 26/(-2)?
12
Let x(l) = -l - 3. Let r be x(-5). Suppose -2*t = -2*w - 40 - 40, 0 = 4*t + r*w - 130. What is the remainder when (30/7)/(5/t) is divided by 16?
14
Suppose i = n - 108, -2*i - 314 = -3*n + 3*i. Let x = -71 + n. Suppose -3*m + x = -6. What is the remainder when m is divided by 9?
7
Suppose -6 = y - 0*y + 2*h, 16 = -4*h. Let f = 3 + 15. Calculate the remainder when y/8 + (-417)/(-12) is divided by f.
17
Suppose -m + t = 2*m + 1, -5*t + 20 = 0. Suppose 9 = 5*q - m. What is the remainder when q is divided by (-2)/(-5) - (-6)/10?
0
Let v(g) = 3*g**2 + 2*g + 0*g - 3 + 0*g + 0*g. Let p = 16 + -9. What is the remainder when v(2) is divided by p?
6
Suppose 5*q - 53 - 20 = -2*z, 5*z - 2*q - 168 = 0. What is the remainder when z is divided by 9?
7
Suppose 5*x - 97 = 268. Calculate the remainder when x is divided by 25.
23
Let g(j) = -j**3 + 9*j**2 + 9*j + 23. What is the remainder when 40 is divided by g(10)?
1
Let w(r) = -r**3 + 6*r**2 - 2*r - 6. Suppose 0 = q + 4, q + 2 = 4*y - 14. What is the remainder when 44 is divided by w(y)?
14
Let f be 2 - (14 + 1 + -3). Let g(j) = j**3 + 9*j**2 - 12*j - 12. Calculate the remainder when 29 is divided by g(f).
5
Suppose -f - r + 182 = 3*f, 2*f + 5*r - 100 = 0. Suppose 5*c = c + 8. Suppose 15 = -c*v + 39. Calculate the remainder when f is divided by v.
9
Suppose -56 = -2*u + 3*t + t, -44 = -3*u - 2*t. Calculate the remainder when (16/6)/(8/156) is divided by u.
16
Suppose 300 = 4*s - 0*s. Let n = -31 + s. Calculate the remainder when n is divided by 23.
21
Let o(k) = 2*k + 17. What is the remainder when o(9) is divided by 19?
16
Suppose -12 = -0*n - 2*n - 2*s, -36 = -5*n + s. What is the remainder when 18 is divided by n?
4
Let t = 8 - 6. Suppose 0 = -5*g - 2*r + 26, -t*g - 4 = -3*r - 22. What is the remainder when 16 is divided by g?
4
Suppose -8*d + 152 = -80. Suppose 5*p - 22 = 58. What is the remainder when d is divided by p?
13
What is the remainder when 28 is divided by 4 + -5 - (1 - 17)?
13
What is the remainder when (-1161)/(-6)*(-12)/(-18) is divided by 22?
19
Suppose -5*p = -5 + 35. Let a(w) = -3 - 4*w + 3*w + 1. Calculate the remainder when 6 is divided by a(p).
2
Let x = -41 - -50. What is the remainder when x is divided by 6?
3
Suppose 3*g - 11 = -2*g + l, 4*g - 24 = -3*l. Suppose -3*w + 1 = 10, g*w = j - 14. Calculate the remainder when 9 is divided by j.
4
Suppose -5*q + 3*f = -q - 31, 0 = -3*q + 4*f + 18. Suppose -2*s = -3*s + 58. Suppose -s = -d - d. Calculate the remainder when d is divided by q.
9
Let h(a) be the third derivative of a**5/60 - 2*a**4/3 + a**3/3 - 11*a**2. What is the remainder when h(20) is divided by 21?
19
Let l = 73 + -39. Calculate the remainder when l is divided by 12.
10
Suppose 17 = -5*p - 178. Let a be (-3)/2 - p/6. Suppose -5 + 65 = a*x. Calculate the remainder when 23 is divided by x.
11
Suppose 3*d + 2*d - 100 = 0. Let o = 302 - 291. Calculate the remainder when d is divided by o.
9
Let v = 11 + -11. Suppose -i + 6*i - 180 = v. Calculate the remainder when i is divided by 13.
10
Let b(q) be the first derivative of -1/3*q**3 - 2*q**2 + 2*q + 1 + 1/4*q**4. What is the remainder when b(4) is divided by 12?
10
Let r(a) = 8*a**2 + 2*a - 3. Let q be r(2). Let l = -16 + q. What is the remainder when 49 is divided by l?
15
Let g(m) = 5*m**2 + 8*m. Calculate the remainder when g(-4) is divided by 25.
23
Let h be 2/7 - (-12)/7. Suppose 4*f = -f + 15, h*f = -2*p + 34. What is the remainder when (-326)/(-8) + (-1)/(-4) + -1 is divided by p?
12
Let m be (0 + 0 + 0)/(-1). Suppose m = 2*t - t - 17. Suppose -383 = -9*f + 67. Calculate the remainder when f is divided by t.
16
Let q be (9/(-2) - -2)*-8. Calculate the remainder when (8/(-5))/((-8)/q) is divided by 3.
1
Suppose -3*p - 9 = 0, 3*p = -4*y + y + 3. Calculate the remainder when 12 is divided by y.
0
Suppose 6*u - 2*u = 64. What is the remainder when 47 is divided by u?
15
Suppose -10 = -5*u + 5*h - h, -2*u + 32 = 4*h. Calculate the remainder when 7 is divided by u.
1
Let o = -378 + 536. Suppose -40 - o = -3*t. Calculate the remainder when t is divided by 23.
20
Suppose 4*r - 34 = 3*o, 0*r + 5*r + 3*o = 56. Suppose -10*n = -9*n + 2. Calculate the remainder when r is divided by 1/n + (-70)/(-20).
1
Suppose 0*l - 3*w + 150 = 4*l, -3*w = -l + 30. Calculate the remainder when l is divided by 13.
10
Let l = 0 + 13. Let v be ((-3)/1 - -2)*-67. Let u = v - 18. What is the remainder when u is divided by l?
10
Let m = -38 + 58. Let x = 1 + 13. Calculate the remainder when m is divided by 1*2/(4/x).
6
Let x(n) = 2 + 4*n + 3*n - 6*n - 1. Calculate the remainder when 11 is divided by x(6).
4
Suppose -3*w - 6 = -63. Calculate the remainder when w is divided by 11.
8
Let z = 2 + 2. Let h = z + 0. Let q = 3 + 0. Calculate the remainder when h is divided by q.
1
Let x(y) = 6*y**3 - y**2. Let s be x(1). Suppose -199 - 1 = -s*m. Let u = -12 + 26. What is the remainder when m is divided by u?
12
Let w(a) = -2*a**3 - 2*a**2 + 3*a. Let y be w(-4). Suppose 2*l = -2*q + y, -87 = -l - l + q. What is the remainder when l is divided by 12?
7
Let k be (15/6)/(2/4). Suppose -h - 176 = -k*h. Suppose -3*z = 5 - h. Calculate the remainder when z is divided by 5.
3
Suppose -5*u - 100 = -10*u. Calculate the remainder when 55 is divided by u.
15
Let t(j) = j + 3. Let c be t(-3). Let h = 29 - 4. Suppose c = 5*a + h, 3 = 2*w + a - 10. What is the remainder when 25 is divided by w?
7
Suppose 3*i = -4*k + 107, 4*k + 12 + 4 = 0. Suppose -5*y = -85 - 25. What is the remainder when i is divided by y?
19
What is the remainder when 121 is divided by 2/((-4)/(-66)) - 2?
28
Let v be 2/(-6) + 65/(-3). What is the remainder when (-4)/v + (-75)/(-11) is divided by 4 - (3 - (-2)/(-1))?
1
Let v(y) = y**2 - 12*y + 3. Let z be v(12). Suppose 0 = z*q - 0*q - 57. What is the remainder when q is divided by 7?
5
Suppose -4*h + 6*h = 8. Let x(v) = -h*v - v + 1 - v. What is the remainder when 25 is divided by x(-2)?
12
Suppose 4*g + 13 = -71. Calculate the remainder when 34 is divided by ((-36)/g)/(1/7).
10
Let c(s) = s**3 + 5*s**2 - 4*s - 7. Let t be (-26)/12 + 6/36. Calculate the remainder when 52/2 - (t + 4) is divided by c(-5).
11
Let r(z) = 2*z**2 + 4*z - 2. Let l be r(-5). What is the remainder when (-6)/l*-12*7 is divided by 5?
3
Let n be 4/8 - (-190)/4. Suppose 3*y + 3*s - n = -0, -84 = -5*y - 4*s. What is the remainder when y is divided by 7?
6
Let l(f) = -f**3 + 5*f**2 + 6*f + 8. Let i be l(6). Suppose -3*u + i = u. Let n(p) = 3*p - 3. What is the remainder when 5 is divided by n(u)?
2
Suppose 15 - 4 = r + 4*u, 32 = 4*r + 4*u. What is the remainder when r is divided by 5?
2
Suppose 2*i - 4 = 6*i. Let l = i + 4. Suppose 5*c = -3*h + 98, l*c + h = 4*c - 26. Calculate the remainder when c is divided by 8.
6
Suppose 3*g - 181 = -5*r, -2*r - 5 + 85 = 5*g. What is the remainder when r is divided by 1/(-4) - 49/(-4)?
11
Let g = 8 - -4. Let d = 23 - g. What is the remainder when 41 is divided by d?
8
Suppose -2 = -4*v + 5*x, -2*v = -4*v - 4*x + 14. Suppose -18 = -5*w - v. Calculate the remainder when w is divided by 1.
0
Let r(k) = -k**2 - 10*k - 8. Suppose -56 = -3*f + 2*f - 2*o, 0 = -5*f + o + 225. What is the remainder when f is divided by r(-6)?
14
Let g = 6 + -3. Let h(p) = p**3 + 6*p**2 + 5. Let l be h(-6). Suppose -l*w + 29 + 27 = 2*c, 0 = g*w + 5*c - 26. What is the remainder when 34 is divided